{"id":112,"date":"2019-04-20T02:20:20","date_gmt":"2019-04-20T02:20:20","guid":{"rendered":"https:\/\/thomasbremser.de\/?page_id=112"},"modified":"2022-10-23T03:39:22","modified_gmt":"2022-10-23T03:39:22","slug":"datenschutzerklaerung","status":"publish","type":"page","link":"https:\/\/thomasbremser.de\/?page_id=112","title":{"rendered":"Datenschutzerkl\u00e4rung"},"content":{"rendered":"\n<h2 class=\"wp-block-heading\">Wer wir sind<\/h2>\n\n\n\n<p>Die Adresse unserer Website ist: http:\/\/www.thomasbremser.de.<\/p>\n\n\n\n<p><strong>DATENSCHUTZERKL\u00c4RUNG DSGVO<\/strong><\/p>\n\n\n\n<p>Mir ist es ein wichtiges Anliegen, Ihre Daten, welche anl\u00e4sslich Ihres Besuchs bei\u00a0www.thomasbremser.de erfasst werden k\u00f6nnen, zu sch\u00fctzen.\u00a0<\/p>\n\n\n\n<p>Die gesetzlichen Bestimmungen zum Schutz Ihrer Daten finden sich in der Datenschutzgrundverordnung und im Bundesdatenschutzgesetz.&nbsp;<\/p>\n\n\n\n<p>Verantwortliche Stelle im Sinne der datenschutzrechtlichen Bestimmungen ist&nbsp;<\/p>\n\n\n\n<p>Thomas Bremser<br>K\u00f6nigsberger Allee 60<br>47058 Duisburg<br>Telefon:\u00a0015129103158<br>E-Mail: thomasbremser@gmail.com<\/p>\n\n\n\n<p><\/p>\n\n\n\n<p>Nachfolgend finden Sie Informationen, welche personenbezogenen Daten &#8211; dies sind alle Daten, die Sie identifizieren oder identifizierbar machen, wie z.B. Name, Anschrift, E-Mail-Adresse oder auch das Nutzerverhalten- ich w\u00e4hrend Ihres Besuchs auf meiner Seite erfasse und wie diese genutzt werden. Sollten Sie noch Fragen haben, k\u00f6nnen Sie sich gerne an mich unter\u00a0thomasbremser@gmail.com wenden.\u00a0<\/p>\n\n\n\n<p>Sie haben zudem das Recht, sich bei widerrechtlicher Verwendung der Daten bei der zust\u00e4ndigen Aufsichtsbeh\u00f6rde zu beschweren. Dies ist:<\/p>\n\n\n\n<p>Landesbeauftragte f\u00fcr Datenschutz und Informationsfreiheit<br>Nordrhein-Westfalen<br>Postfach 20 04 44<br>40102 D\u00fcsseldorf<\/p>\n\n\n\n<p>Tel.:&nbsp;<a href=\"tel:0211\/38424-0\">0211\/38424-0<\/a><br>Fax:&nbsp;<a href=\"tel:0211\/38424-10\">0211\/38424-10<\/a><br>E-Mail:&nbsp;<a href=\"mailto:%252520poststelle@ldi.nrw.de\">poststelle@ldi.nrw.de<\/a><\/p>\n\n\n\n<p>1. Serverdatenerhebung<\/p>\n\n\n\n<p>Beim Besuch meiner Seite werden verschiedene Serverstatistiken automatisch gespeichert, die Ihr Browser an den Server meines Providers \u00fcbermittelt.&nbsp;Unter anderem werden Name der abgerufenen Webseite, Datei, Datum und Uhrzeit des Abrufs, \u00fcbertragene Datenmenge, Meldung \u00fcber erfolgreichen Abruf, Browsertyp nebst Version, das Betriebssystem des Nutzers, Referrer URL (die zuvor besuchte Seite), IP-Adresse und der anfragende Provider, geloggt.&nbsp;<\/p>\n\n\n\n<p>Diese Daten dienen der statistischen Auswertung der Besuche meiner Seite und sind f\u00fcr mich nicht bestimmten Personen zuordenbar.&nbsp;<\/p>\n\n\n\n<p><strong>Rechtsgrundlage<\/strong>&nbsp;der Datenerfassung ist Art. 6 I f DSGVO. Eine Zusammenf\u00fchrung dieser Daten mit anderen Datenquellen wird nicht vorgenommen.&nbsp;Die IP-Adresse wird anonymisiert.&nbsp;Mein berechtigtes Interesse an der Erhebung dieser Daten begr\u00fcndet sich darin, dass ich anhand der Daten mein Angebot f\u00fcr User optimieren kann, indem ich z.B. Zugriffe von Schadseiten verhindern oder den Zugriff \u00fcber bestimmte Browser optimieren kann, und durch den Log der IP-Adresse die Auslieferung der Seite an den Besucher erst erm\u00f6glicht wird.&nbsp;<\/p>\n\n\n\n<p>Sie haben grunds\u00e4tzlich ein Recht auf Widerspruch dieser Datenerhebung. Dieses kommt hier ausnahmsweise faktisch nicht in Betracht, da ansonsten die Nutzung der Seite unm\u00f6glich w\u00e4re.&nbsp;<\/p>\n\n\n\n<p>Die Daten werden gel\u00f6scht, sobald diese f\u00fcr die o.a. Zwecke nicht mehr ben\u00f6tigt werden.&nbsp;<\/p>\n\n\n\n<p>2. Nutzung und Weitergabe personenbezogener Daten<\/p>\n\n\n\n<p>a. Allgemeines<\/p>\n\n\n\n<p>Soweit Sie mir personenbezogene Daten zur Verf\u00fcgung gestellt haben, verwende ich diese zur Beantwortung Ihrer Anfragen, zur Beratung und Abwicklung mit Ihnen geschlossener Vertr\u00e4ge und f\u00fcr die technische Administration. Ihre personenbezogenen Daten werden an Dritte nur weitergegeben oder sonst \u00fcbermittelt, wenn dies zum Zwecke der Vertragsabwicklung erforderlich ist, dies zu Abrechnungszwecken erforderlich ist oder Sie zuvor eingewilligt haben. Sie haben das Recht, eine erteilte Einwilligung mit Wirkung f\u00fcr die Zukunft jederzeit zu widerrufen, siehe auch unten zu Ihren Betroffenenrechten.<\/p>\n\n\n\n<p>b. Vertragsabwicklung<\/p>\n\n\n\n<p>Im Rahmen mit Ihnen geschlossener Vertr\u00e4ge erhebe und speichere ich die von Ihnen \u00fcbermittelten personenbezogenen Daten zum Zwecke der Vertragsabwicklung, z.B. auch zur Rechnungslegung.&nbsp;<\/p>\n\n\n\n<p>Eine Weitergabe der Daten erfolgt im Rahmen der Abrechnung an Banken&nbsp;oder Galerien.&nbsp;Die Abrechnungsdaten werden im Rahmen der steuergesetzlichen Vorgaben an das Steuerb\u00fcro und das Finanzamt \u00fcbertragen.&nbsp;<\/p>\n\n\n\n<p><strong>Rechtsgrundlage<\/strong>&nbsp;f\u00fcr die Erhebung und Verarbeitung der Daten ist im Rahmen der Vertragsabwicklung Art. 6 I (b) DSGVO. Die Rechtsgrundlage f\u00fcr die \u00dcbertragung der Daten an Steuerb\u00fcro und Finanzamt ist Art. 6 I (c) DSGVO.&nbsp;<\/p>\n\n\n\n<p>Die L\u00f6schung der Rechnungsdaten erfolgt nach Ablauf der geltenden gesetzlichen Aufbewahrungspflichten. Soweit mich keine gesetzlichen Aufbewahrungspflichten treffen, erfolgt die L\u00f6schung der Daten mit Wegfall des Zwecks.&nbsp;<\/p>\n\n\n\n<p><strong>Evtl. Zusatz:<\/strong>&nbsp;Im berechtigten Interesse der Wahrung meiner urheberrechtlichen und urheberpers\u00f6nlichkeitsrechtlichen Anspr\u00fcche bewahre ich Name und Anschrift der K\u00e4ufer meiner Werke dauerhaft auf. Rechtsgrundlage ist hierf\u00fcr Art. 6 I (f) DSGVO.&nbsp;<\/p>\n\n\n\n<p>c. Kontaktformular und Anfrage per E-Mail<\/p>\n\n\n\n<p>Bei Nutzung meines Kontaktformulars erhebe und speichere ich den Namen und die E-Mail Adresse zum Zwecke der Beantwortung Ihrer Anfrage. Die Angabe der Telefonnummer f\u00fcr einen R\u00fcckruf ist optional.&nbsp;<\/p>\n\n\n\n<p>Senden Sie mir eine Kontaktanfrage per E-Mail, erhebe und speichere ich die E-Mail-Adresse und die in der E-Mail enthaltenen Daten&nbsp;zum Zwecke der Beantwortung Ihrer Anfrage.&nbsp;<\/p>\n\n\n\n<p><strong>Rechtsgrundlage&nbsp;<\/strong>ist Art. 6 I (a) DSGVO, da Sie bei Verwendung des Formulars wie auch der Zusendung einer E-Mail in die o.a. Verarbeitung Ihrer Daten einwilligen. Zudem ergibt sich die Rechtsgrundlage auch aus Art. 6 I (b), da die Speicherung der Daten f\u00fcr die Erf\u00fcllung einer vorvertraglichen bzw. evtl. sp\u00e4teren vertraglichen Beziehung notwendig ist.&nbsp;<\/p>\n\n\n\n<p>Die L\u00f6schung der Daten erfolgt, wenn der Zweck der Speicherung entfallen ist, also nach Beantwortung Ihrer E-Mail-\/Kontaktformular-Anfrage bzw. wenn die mit der Anfrage verbundene Angelegenheit abschlie\u00dfend gekl\u00e4rt ist.&nbsp;<\/p>\n\n\n\n<p>Sie haben das Recht, die erteilte Einwilligung jederzeit zu widerrufen, ohne dass die Rechtm\u00e4\u00dfigkeit der aufgrund der Einwilligung erfolgten Verarbeitung ber\u00fchrt wird.&nbsp;<\/p>\n\n\n\n<p>Zum Anspruch auf L\u00f6schung und Auskunft, s. unten zu Ihren Betroffenenrechten.<\/p>\n\n\n\n<p>3. Cookies<\/p>\n\n\n\n<p>Diese Seite verwendet Cookies. Das sind kleine Textdateien, die beim Besuch meiner Seite in Ihrem Internetbrowser (z.B. Firefox, Chrome, Microsoft Explorer\/Edge, Safari etc.) oder von diesem auf Ihrem Computer (i.e.S. Ihrem Betriebssystem) gespeichert werden. Mit Hilfe des Cookies, der eine bestimmte Zeichenfolge enth\u00e4lt, erkennt meine Webseite Ihren Internetbrowser beim Aufruf wieder. Ich verwende eigene Cookies, so genannte Session-Cookies. Diese dienen dazu, die Nutzung der Internetseite zu verbessern und die Darstellung der Inhalte f\u00fcr Sie zu optimieren.&nbsp;<\/p>\n\n\n\n<p><strong>Rechtsgrundlage<\/strong>&nbsp;ist Art. 6 I (f) DSGVO. Mein berechtigtes Interesse ergibt sich daraus, dass ich mit den vorgenannten Cookies lediglich die Abrufbarkeit der Seite f\u00fcr Sie erleichtern m\u00f6chte, keinerlei Tracking-Daten dabei erhebe und somit keinen Eingriff in Ihre Pers\u00f6nlichkeitsrechte und Grundfreiheiten erfolgt.&nbsp;<\/p>\n\n\n\n<p>Sie k\u00f6nnen in Ihrem Webbrowser die Annahme von Cookies ausschlie\u00dfen. Dies kann aber u.U. zu Beeintr\u00e4chtigungen in der Funktionalit\u00e4t f\u00fchren. Zu Ihren weiteren Betroffenenrechten s. unten.<\/p>\n\n\n\n<p>Diese Cookies sind lediglich f\u00fcr die Dauer Ihrer Browsersitzung g\u00fcltig und werden mit Beendigung des Besuchs unserer Seite gel\u00f6scht.&nbsp;<\/p>\n\n\n\n<p>Cookies von Drittanbietern verwende ich nicht.<\/p>\n\n\n\n<p><strong>Rechtsgrundlage<\/strong>&nbsp;ist Art. 6 I (f) DSGVO. Mein berechtigtes Interesse ergibt sich daraus, dass ich Ihnen den Wiederaufruf der Seite nutzerfreundlicher gestalte. Durch den Cookie erfolgt kein Tracking oder sonstige Dokumentation Ihres Nutzerverhaltens und somit kein Eingriff in Ihre Pers\u00f6nlichkeitsrechte und Grundfreiheiten erfolgt.&nbsp;<\/p>\n\n\n\n<p>Sie k\u00f6nnen in Ihrem Webbrowser die Annahme von Cookies ausschlie\u00dfen. Dies kann aber u.U. zu Beeintr\u00e4chtigungen in der Funktionalit\u00e4t f\u00fchren. Zu Ihren weiteren Betroffenenrechten s. unten.<\/p>\n\n\n\n<p>6. Betroffenenrechte&nbsp;<\/p>\n\n\n\n<p><strong>a, Auskunftsrechte&nbsp;<\/strong><\/p>\n\n\n\n<p>Sie haben jederzeit das Recht auf unentgeltliche Auskunft \u00fcber die von mir \u00fcber Sie gespeicherten personenbezogenen Daten. Sie k\u00f6nnen \u00fcber folgende Informationen Auskunft verlangen. Ich habe die Auskunft binnen Monatsfrist zu erteilen:<\/p>\n\n\n\n<p>(1)die Zwecke, zu denen die personenbezogenen Daten verarbeitet werden;<\/p>\n\n\n\n<p>(2)die Kategorien von personenbezogenen Daten, welche verarbeitet werden;<\/p>\n\n\n\n<p>(3)die Empf\u00e4nger bzw. die Kategorien von Empf\u00e4ngern, gegen\u00fcber denen die Sie betreffenden personenbezogenen Daten offengelegt wurden oder noch offengelegt werden;<\/p>\n\n\n\n<p>(4)die geplante Dauer der Speicherung der Sie betreffenden personenbezogenen Daten oder, falls konkrete Angaben hierzu nicht m\u00f6glich sind, Kriterien f\u00fcr die Festlegung der Speicherdauer;<\/p>\n\n\n\n<p>(5)das Bestehen eines Rechts auf Berichtigung oder L\u00f6schung der Sie betreffenden personenbezogenen Daten, eines Rechts auf Einschr\u00e4nkung der Verarbeitung durch den Verantwortlichen oder eines Widerspruchsrechts gegen diese Verarbeitung;&nbsp;<\/p>\n\n\n\n<p>(6)das Bestehen eines Beschwerderechts bei einer Aufsichtsbeh\u00f6rde;<\/p>\n\n\n\n<p>(7)alle verf\u00fcgbaren Informationen \u00fcber die Herkunft der Daten, wenn die personenbezogenen Daten nicht bei der betroffenen Person erhoben werden;<\/p>\n\n\n\n<p>(8)das Bestehen einer automatisierten Entscheidungsfindung einschlie\u00dflich Profiling gem\u00e4\u00df Art.22 Abs.1 und 4 DSGVO und \u2013 zumindest in diesen F\u00e4llen \u2013 aussagekr\u00e4ftige Informationen \u00fcber die involvierte Logik sowie die Tragweite und die angestrebten Auswirkungen einer derartigen Verarbeitung f\u00fcr die betroffene Person. Ich mache darauf aufmerksam, dass derartige automatisierte Entscheidungsfindungen meinerseits nicht stattfinden.<\/p>\n\n\n\n<p>(9)dar\u00fcber, ob die Sie betreffenden personenbezogenen Daten in ein Drittland oder an eine internationale Organisation \u00fcbermittelt werden. In diesem Zusammenhang k\u00f6nnen Sie verlangen, \u00fcber die geeigneten Garantien gem. Art.46 DSGVO im Zusammenhang mit der \u00dcbermittlung unterrichtet zu werden.<\/p>\n\n\n\n<p><strong>b, Recht auf Berichtigung<\/strong><\/p>\n\n\n\n<p>Sie haben das Recht, von mir unverz\u00fcglich die Berichtigung Sie betreffender unrichtiger personenbezogener bzw. die Vervollst\u00e4ndigung unvollst\u00e4ndiger personenbezogener Daten zu verlangen.<\/p>\n\n\n\n<p><strong>c, Recht auf L\u00f6schung<\/strong><\/p>\n\n\n\n<p><strong>Anspruch auf L\u00f6schung<\/strong><\/p>\n\n\n\n<p>Sie haben das Recht, dass die Sie betreffenden personenbezogenen Daten unverz\u00fcglich gel\u00f6scht werden, und ich bin verpflichtet, diese Daten unverz\u00fcglich zu l\u00f6schen, sofern einer der folgenden Gr\u00fcnde zutrifft:<\/p>\n\n\n\n<p>(1)Die Sie betreffenden personenbezogenen Daten sind f\u00fcr die Zwecke, f\u00fcr die sie erhoben oder auf sonstige Weise verarbeitet wurden, nicht mehr notwendig.<\/p>\n\n\n\n<p>(2)Sie widerrufen Ihre Einwilligung, auf die sich die Verarbeitung gem. Art. 6 I (a) st\u00fctzte, und es fehlt an einer anderweitigen Rechtsgrundlage f\u00fcr die Verarbeitung.&nbsp;<\/p>\n\n\n\n<p>(3)Sie legen gem. Art. 21 I DSGVO Widerspruch gegen die Verarbeitung Ihrer Daten, die ich auf Grundlage meiner dargelegten berechtigten Interessen (z.B. bei Google Analytics) erheben, ein und es liegen keine vorrangigen berechtigten Gr\u00fcnde f\u00fcr die Verarbeitung vor, oder Sie legen gem. Art.21 II DSGVO Widerspruch gegen die Verarbeitung im Rahmen der Direktwerbung ein.&nbsp;<\/p>\n\n\n\n<p>(4)Die Sie betreffenden personenbezogenen Daten wurden von mir unrechtm\u00e4\u00dfig, zum Beispiel ohne Einwilligung oder ohne berechtigte Interessen, verarbeitet.&nbsp;<\/p>\n\n\n\n<p>(5)Die L\u00f6schung der Sie betreffenden personenbezogenen Daten ist zur Erf\u00fcllung einer mich treffenden rechtlichen Verpflichtung nach dem Unionsrecht oder nach dem deutschen Recht erforderlich.&nbsp;<\/p>\n\n\n\n<p>(6)Die Daten wurden im Rahmen von angebotenen Dienste der Informationsgesellschaft gegen\u00fcber Ihnen als Minderj\u00e4hriger gem\u00e4\u00df Art.8 ADSGVO erhoben.<\/p>\n\n\n\n<p>Habe ich personenbezogene Daten von Ihnen ver\u00f6ffentlicht und bin ich aus einem der vorgenannten Gr\u00fcnde zur L\u00f6schung verpflichtet, so werde wich die Unternehmen, auf deren Internetseiten die Daten ver\u00f6ffentlicht wurden, \u00fcber Ihren Wunsch auf L\u00f6schung in angemessener Art und Weise informieren und darlegen, dass Sie als betroffene Person von mir die L\u00f6schung aller Links zu diesen Daten sowie die L\u00f6schung aller Kopien oder Replikationen verlangt haben.&nbsp;<\/p>\n\n\n\n<p><strong>Ausnahmen<\/strong><\/p>\n\n\n\n<p>Das Recht auf L\u00f6schung besteht nicht, soweit die Verarbeitung erforderlich ist<\/p>\n\n\n\n<p>(1)zur Aus\u00fcbung des Rechts auf freie Meinungs\u00e4u\u00dferung und Information;<\/p>\n\n\n\n<p>(2)zur Erf\u00fcllung einer rechtlichen Verpflichtung, die die Verarbeitung nach dem Recht der Union oder dem deutschen Recht erfordert, z.B. im Rahmen der steuerrechtlichen Aufbewahrungspflichten, oder zur Wahrnehmung einer Aufgabe, die im \u00f6ffentlichen Interesse liegt oder in Aus\u00fcbung \u00f6ffentlicher Gewalt erfolgt, die uns \u00fcbertragen wurde;<\/p>\n\n\n\n<p>(3)aus Gr\u00fcnden des \u00f6ffentlichen Interesses im Bereich der \u00f6ffentlichen Gesundheit gem\u00e4\u00df Art. Art.9 II (h) und (i) sowie Art.9 III DSGVO;<\/p>\n\n\n\n<p>4)f\u00fcr im \u00f6ffentlichen Interesse liegende Archivzwecke, wissenschaftliche oder historische Forschungszwecke oder f\u00fcr statistische Zwecke gem. Art.89 (I) DSGVO, soweit das Recht auf L\u00f6schung voraussichtlich die Verwirklichung der Ziele dieser Verarbeitung unm\u00f6glich macht oder ernsthaft beeintr\u00e4chtigt, oder<\/p>\n\n\n\n<p>(5)zur Geltendmachung, Aus\u00fcbung oder Verteidigung von Rechtsanspr\u00fcchen, z.B. in Gerichtsverfahren.<\/p>\n\n\n\n<p><strong>d, Recht auf Einschr\u00e4nkung der Datenverarbeitung<\/strong><\/p>\n\n\n\n<p>Sie haben das Recht, von mir die Einschr\u00e4nkung der Verarbeitung zu verlangen, wenn eine der folgenden Voraussetzungen gegeben ist:&nbsp;<\/p>\n\n\n\n<p>(1) Wenn Sie die Richtigkeit der personenbezogenen Daten bestreiten, und zwar f\u00fcr eine Dauer, die es mir erm\u00f6glicht, die Richtigkeit der personenbezogenen Daten zu \u00fcberpr\u00fcfen,<\/p>\n\n\n\n<p>(2) Wenn die Verarbeitung unrechtm\u00e4\u00dfig ist und Sie die L\u00f6schung der personenbezogenen Daten ablehnen und stattdessen die Einschr\u00e4nkung der Nutzung der personenbezogenen Daten verlangen.<\/p>\n\n\n\n<p>(3) Wenn ich die personenbezogenen Daten f\u00fcr die Zwecke der Verarbeitung nicht l\u00e4nger ben\u00f6tige, Sie sie jedoch zur Geltendmachung, Aus\u00fcbung oder Verteidigung von Rechtsanspr\u00fcchen ben\u00f6tigten.<\/p>\n\n\n\n<p>(4) Wenn Sie Widerspruch gegen die Verarbeitung Ihrer personenbezogenen Daten, die ich auf Grundlage meiner dargelegten berechtigten Interessen (z.B. bei Google Analytics) erhebe, eingelegt haben, solange noch nicht feststeht, ob meine berechtigten Gr\u00fcnde gegen\u00fcber Ihren Rechten \u00fcberwiegen.<\/p>\n\n\n\n<p>Wurde die Verarbeitung gem\u00e4\u00df der vorgenannten Gr\u00fcnde eingeschr\u00e4nkt, so d\u00fcrfen diese personenbezogenen Daten \u2013 von ihrer Speicherung abgesehen \u2013 nur mit Ihrer Einwilligung oder zur Geltendmachung, Aus\u00fcbung oder Verteidigung von Rechtsanspr\u00fcchen oder zum Schutz der Rechte einer anderen nat\u00fcrlichen oder juristischen Person (GmbH, AG etc.) oder aus Gr\u00fcnden eines wichtigen \u00f6ffentlichen Interesses der Union oder eines Mitgliedstaats verarbeitet werden.<\/p>\n\n\n\n<p>Wenn Sie die Einschr\u00e4nkung der Verarbeitung erwirkt haben, werden Sie von mir unterrichtet, bevor die Einschr\u00e4nkung aufgehoben wird.<\/p>\n\n\n\n<p><strong>e, Mitteilungspflicht<\/strong><\/p>\n\n\n\n<p>Haben Sie das Recht auf Berichtigung, L\u00f6schung oder Einschr\u00e4nkung der Verarbeitung mir gegen\u00fcber geltend gemacht, bin ich verpflichtet, allen Empf\u00e4ngern, denen die Sie betreffenden personenbezogenen Daten offengelegt wurden, diese Berichtigung oder L\u00f6schung der Daten oder Einschr\u00e4nkung der Verarbeitung mitzuteilen, es sei denn, dies erweist sich als unm\u00f6glich oder ist mit einem unverh\u00e4ltnism\u00e4\u00dfigen Aufwand verbunden.<\/p>\n\n\n\n<p>Ihnen steht mir gegen\u00fcber das Recht zu, \u00fcber diese Empf\u00e4nger unterrichtet zu werden.<\/p>\n\n\n\n<p><strong>f, Recht auf \u00dcbertragbarkeit<\/strong><\/p>\n\n\n\n<p>Sie haben das Recht, die Sie betreffenden personenbezogenen Daten, die Sie mir bereitgestellt haben, in einem strukturierten, g\u00e4ngigen und maschinenlesbaren Format zu erhalten. Au\u00dferdem haben Sie das Recht diese Daten einem anderen Unternehmen ohne Behinderung durch mir zu \u00fcbermitteln, sofern<\/p>\n\n\n\n<p>(1)die Verarbeitung auf einer Einwilligung gem. Art. 6 (I) DSGVO oder auf einem Vertrag gem. Art.6 I (b) DSGVO beruht und<\/p>\n\n\n\n<p>(2)die Verarbeitung mithilfe automatisierter Verfahren erfolgt.<\/p>\n\n\n\n<p>In Aus\u00fcbung dieses Rechts haben Sie ferner das Recht, zu erwirken, dass die Sie betreffenden personenbezogenen Daten direkt von mir einem anderen Unternehmen \u00fcbermittelt werden, soweit dies technisch machbar ist. Freiheiten und Rechte anderer Personen d\u00fcrfen hierdurch nicht beeintr\u00e4chtigt werden.<\/p>\n\n\n\n<p>Das Recht auf Daten\u00fcbertragbarkeit gilt nicht f\u00fcr eine Verarbeitung personenbezogener Daten, die f\u00fcr die Wahrnehmung einer Aufgabe erforderlich ist, die im \u00f6ffentlichen Interesse liegt oder in Aus\u00fcbung \u00f6ffentlicher Gewalt erfolgt, die uns \u00fcbertragen wurde.&nbsp;<\/p>\n\n\n\n<p><strong>g, Widerspruchsrecht<\/strong><\/p>\n\n\n\n<p>Sie haben das Recht, aus Gr\u00fcnden, die sich aus ihrer besonderen Situation ergeben, jederzeit gegen die Verarbeitung der Sie betreffenden personenbezogenen Daten, die aufgrund von Art. 6 I (e) \u2013erforderliche Verarbeitung aufgrund einer im \u00f6ffentlichen Interesse liegenden Aufgabe-&nbsp; oder (f) DSGVO \u2013 Verarbeitung unter Darlegung meines berechtigten Interesses, z.B. beim Online-Marketing &#8211; erfolgt, Widerspruch einzulegen; dies gilt auch f\u00fcr ein auf diese Bestimmungen gest\u00fctztes Profiling.&nbsp;<\/p>\n\n\n\n<p>Ich verarbeite die Sie betreffenden personenbezogenen Daten nicht mehr, es sei denn, ich kann zwingende schutzw\u00fcrdige Gr\u00fcnde f\u00fcr die Verarbeitung nachweisen, die Ihren Interessen, Rechte und Freiheiten \u00fcberwiegen, oder die Verarbeitung dient der Geltendmachung, Aus\u00fcbung oder Verteidigung von Rechtsanspr\u00fcchen.<\/p>\n\n\n\n<p>Werden die Sie betreffenden personenbezogenen Daten verarbeitet, um Direktwerbung zu betreiben, haben Sie das Recht, jederzeit Widerspruch gegen die Verarbeitung der Sie betreffenden personenbezogenen Daten zum Zwecke derartiger Werbung einzulegen; dies gilt auch f\u00fcr das Profiling, soweit es mit solcher Direktwerbung in Verbindung steht.<\/p>\n\n\n\n<p>Widersprechen Sie der Verarbeitung f\u00fcr Zwecke der Direktwerbung, so werden die Sie betreffenden personenbezogenen Daten nicht mehr f\u00fcr diese Zwecke verarbeitet.<\/p>\n\n\n\n<p>Sie haben die M\u00f6glichkeit, im Zusammenhang mit der Nutzung von Diensten der Informationsgesellschaft \u2013 ungeachtet der Richtlinie 2002\/58\/EG \u2013 Ihr Widerspruchsrecht mittels automatisierter Verfahren auszu\u00fcben, bei denen technische Spezifikationen verwendet werden.<\/p>\n\n\n\n<p><strong>h, Recht auf Widerruf der datenschutzrechtlichen<\/strong>&nbsp;Einwilligungserkl\u00e4rung<\/p>\n\n\n\n<p>Sie haben das Recht, Ihre datenschutzrechtliche Einwilligungserkl\u00e4rung jederzeit zu widerrufen. Durch den Widerruf der Einwilligung wird die Rechtm\u00e4\u00dfigkeit der aufgrund der Einwilligung bis zum Widerruf erfolgten Verarbeitung nicht ber\u00fchrt.<\/p>\n\n\n\n<p><strong>i, Ansprechpartner f\u00fcr Betroffenenrechte<\/strong><\/p>\n\n\n\n<p>Soweit ich Ihnen die Aus\u00fcbung Ihrer Rechte nicht unmittelbar im Rahmen der Verarbeitung erm\u00f6gliche,k\u00f6nnen Sie sich bitte an mich unter\u00a0thomasbremser@gmail.com oder postalisch unter der im Impressum angegebenen Adresse wenden.<\/p>\n\n\n\n<p><\/p>\n\n\n\n<p>Thomas Bremser<br>K\u00f6nigsberger Allee 60<br>47058 Duisburg<br>Telefon:\u00a0015129103158<br>E-Mail: thomasbremser@gmail.com<\/p>\n\n\n\n<p>Nachfolgend finden Sie Informationen, welche personenbezogenen Daten &#8211; dies sind alle Daten, die Sie identifizieren oder identifizierbar machen, wie z.B. Name, Anschrift, E-Mail-Adresse oder auch das Nutzerverhalten- ich w\u00e4hrend Ihres Besuchs auf meiner Seite erfasse und wie diese genutzt werden. Sollten Sie noch Fragen haben, k\u00f6nnen Sie sich gerne an mich unter\u00a0thomasbremser@gmail.com wenden.\u00a0<\/p>\n\n\n\n<p>Sie haben zudem das Recht, sich bei widerrechtlicher Verwendung der Daten bei der zust\u00e4ndigen Aufsichtsbeh\u00f6rde zu beschweren. Dies ist:<\/p>\n\n\n\n<p>Landesbeauftragte f\u00fcr Datenschutz und Informationsfreiheit<br>Nordrhein-Westfalen<br>Postfach 20 04 44<br>40102 D\u00fcsseldorf<\/p>\n\n\n\n<p>Tel.:&nbsp;<a href=\"tel:0211\/38424-0\">0211\/38424-0<\/a><br>Fax:&nbsp;<a href=\"tel:0211\/38424-10\">0211\/38424-10<\/a><br>E-Mail:&nbsp;<a href=\"mailto:%252520poststelle@ldi.nrw.de\">poststelle@ldi.nrw.de<\/a><\/p>\n\n\n\n<p><\/p>\n\n\n\n<p>Thomas Bremser<br>K\u00f6nigsberger Allee 60<br>47058 Duisburg<br><a href=\"thomasbremser@gmail.com\">thomasbremser@gmail.com<\/a><br>Mobil: 015129103158<br><\/p>\n","protected":false},"excerpt":{"rendered":"<p>Wer wir sind Die Adresse unserer Website ist: http:\/\/www.thomasbremser.de. DATENSCHUTZERKL\u00c4RUNG DSGVO Mir ist es ein wichtiges Anliegen, Ihre Daten, welche anl\u00e4sslich Ihres Besuchs bei\u00a0www.thomasbremser.de erfasst werden k\u00f6nnen, zu sch\u00fctzen.\u00a0 Die gesetzlichen Bestimmungen zum Schutz Ihrer Daten finden sich in der Datenschutzgrundverordnung und im Bundesdatenschutzgesetz.&nbsp; Verantwortliche Stelle im Sinne der datenschutzrechtlichen Bestimmungen ist&nbsp; Thomas BremserK\u00f6nigsberger Allee &hellip; <\/p>\n<p class=\"link-more\"><a href=\"https:\/\/thomasbremser.de\/?page_id=112\" class=\"more-link\"><span class=\"screen-reader-text\">\u201eDatenschutzerkl\u00e4rung\u201c<\/span> weiterlesen<\/a><\/p>\n","protected":false},"author":1,"featured_media":245,"parent":0,"menu_order":0,"comment_status":"closed","ping_status":"closed","template":"","meta":{"footnotes":""},"class_list":["post-112","page","type-page","status-publish","has-post-thumbnail","hentry"],"jetpack-related-posts":[],"jetpack_sharing_enabled":true,"_links":{"self":[{"href":"https:\/\/thomasbremser.de\/index.php?rest_route=\/wp\/v2\/pages\/112","targetHints":{"allow":["GET"]}}],"collection":[{"href":"https:\/\/thomasbremser.de\/index.php?rest_route=\/wp\/v2\/pages"}],"about":[{"href":"https:\/\/thomasbremser.de\/index.php?rest_route=\/wp\/v2\/types\/page"}],"author":[{"embeddable":true,"href":"https:\/\/thomasbremser.de\/index.php?rest_route=\/wp\/v2\/users\/1"}],"replies":[{"embeddable":true,"href":"https:\/\/thomasbremser.de\/index.php?rest_route=%2Fwp%2Fv2%2Fcomments&post=112"}],"version-history":[{"count":4,"href":"https:\/\/thomasbremser.de\/index.php?rest_route=\/wp\/v2\/pages\/112\/revisions"}],"predecessor-version":[{"id":1199,"href":"https:\/\/thomasbremser.de\/index.php?rest_route=\/wp\/v2\/pages\/112\/revisions\/1199"}],"wp:featuredmedia":[{"embeddable":true,"href":"https:\/\/thomasbremser.de\/index.php?rest_route=\/wp\/v2\/media\/245"}],"wp:attachment":[{"href":"https:\/\/thomasbremser.de\/index.php?rest_route=%2Fwp%2Fv2%2Fmedia&parent=112"}],"curies":[{"name":"wp","href":"https:\/\/api.w.org\/{rel}","templated":true}]}}